inder when 10552 is divided by 79?
45
What is the remainder when 57287 is divided by 83?
17
Calculate the remainder when 531756 is divided by 283.
282
What is the remainder when 66187 is divided by 50?
37
Calculate the remainder when 68647 is divided by 97.
68
What is the remainder when 1478 is divided by 344?
102
What is the remainder when 20887 is divided by 20?
7
Calculate the remainder when 4150 is divided by 892.
582
What is the remainder when 62120 is divided by 62089?
31
Calculate the remainder when 1766 is divided by 4.
2
Calculate the remainder when 929 is divided by 636.
293
Calculate the remainder when 15245 is divided by 5033.
146
Calculate the remainder when 1623117 is divided by 382.
381
Calculate the remainder when 4038 is divided by 27.
15
What is the remainder when 57210 is divided by 485?
465
What is the remainder when 25832 is divided by 109?
108
What is the remainder when 47711 is divided by 23?
9
What is the remainder when 336367 is divided by 630?
577
What is the remainder when 8128 is divided by 1309?
274
Calculate the remainder when 787198 is divided by 820.
818
What is the remainder when 139442 is divided by 71?
69
What is the remainder when 55454 is divided by 27720?
14
What is the remainder when 1058 is divided by 490?
78
Calculate the remainder when 1431267 is divided by 37.
33
What is the remainder when 32353 is divided by 6?
1
Calculate the remainder when 854640 is divided by 94959.
9
What is the remainder when 25761 is divided by 46?
1
Calculate the remainder when 45487 is divided by 70.
57
Calculate the remainder when 1245798 is divided by 1245793.
5
Calculate the remainder when 5624 is divided by 467.
20
Calculate the remainder when 750839 is divided by 40.
39
Calculate the remainder when 16006 is divided by 3967.
138
What is the remainder when 25801 is divided by 423?
421
Calculate the remainder when 137553 is divided by 12.
9
What is the remainder when 108699 is divided by 81?
78
Calculate the remainder when 91046 is divided by 33.
32
Calculate the remainder when 4699 is divided by 2347.
5
What is the remainder when 403432 is divided by 16?
8
What is the remainder when 18479 is divided by 16?
15
Calculate the remainder when 14414 is divided by 757.
31
What is the remainder when 434235 is divided by 422?
419
Calculate the remainder when 14703 is divided by 334.
7
What is the remainder when 165 is divided by 26?
9
What is the remainder when 6874 is divided by 973?
63
What is the remainder when 1497 is divided by 2?
1
What is the remainder when 9751 is divided by 31?
17
What is the remainder when 16545 is divided by 23?
8
What is the remainder when 306 is divided by 142?
22
Calculate the remainder when 16653 is divided by 45.
3
What is the remainder when 28948 is divided by 193?
191
Calculate the remainder when 7387 is divided by 739.
736
What is the remainder when 820 is divided by 96?
52
What is the remainder when 3383 is divided by 469?
100
What is the remainder when 16236 is divided by 2030?
2026
Calculate the remainder when 37513 is divided by 59.
48
Calculate the remainder when 8378 is divided by 1048.
1042
Calculate the remainder when 10543 is divided by 20.
3
What is the remainder when 1118 is divided by 14?
12
Calculate the remainder when 313813 is divided by 17.
10
What is the remainder when 12962 is divided by 749?
229
Calculate the remainder when 768785 is divided by 62.
47
What is the remainder when 77001 is divided by 98?
71
Calculate the remainder when 106608 is divided by 3229.
51
What is the remainder when 57791 is divided by 7?
6
What is the remainder when 8116 is divided by 8097?
19
What is the remainder when 17883 is divided by 18?
9
What is the remainder when 2540 is divided by 726?
362
What is the remainder when 123247 is divided by 39?
7
Calculate the remainder when 101799 is divided by 2166.
2163
Calculate the remainder when 6069 is divided by 2023.
0
Calculate the remainder when 21464 is divided by 61.
53
What is the remainder when 12130 is divided by 472?
330
What is the remainder when 25688 is divided by 79?
13
Calculate the remainder when 1503 is divided by 401.
300
What is the remainder when 12059 is divided by 121?
80
Calculate the remainder when 3200 is divided by 114.
8
What is the remainder when 3745 is divided by 964?
853
What is the remainder when 119922 is divided by 32?
18
Calculate the remainder when 638 is divided by 154.
22
Calculate the remainder when 915 is divided by 231.
222
What is the remainder when 2052 is divided by 486?
108
Calculate the remainder when 16590 is divided by 53.
1
What is the remainder when 6946405 is divided by 8?
5
What is the remainder when 40762 is divided by 20377?
8
Calculate the remainder when 1004 is divided by 62.
12
What is the remainder when 12933 is divided by 5846?
1241
Calculate the remainder when 3411 is divided by 566.
15
Calculate the remainder when 20622 is divided by 542.
26
What is the remainder when 2835 is divided by 940?
15
Calculate the remainder when 1794 is divided by 95.
84
What is the remainder when 11884 is divided by 95?
9
What is the remainder when 45518 is divided by 15077?
287
What is the remainder when 19371 is divided by 3219?
57
What is the remainder when 302 is divided by 40?
22
Calculate the remainder when 32007 is divided by 464.
455
What is the remainder when 105711 is divided by 7?
4
What is the remainder when 168287 is divided by 12945?
2
Calculate the remainder when 1344 is divided by 838.
506
Calculate the remainder when 2219 is divided by 653.
260
Calculate the remainder when 9060 is divided by 3013.
21
Calculate the remainder when 1201057 is divided by 322.
319
Calculate the remainder when 16953 is divided by 265.
258
What is the remainder when 788270 is divided by 197059?
34
What is the remainder when 21922 is divided by 4366?
92
Calculate the remainder when 2514 is divided by 960.
594
Calculate the remainder when 13404 is divided by 2126.
648
What is the remainder when 3064570 is divided by 17?
14
What is the remainder when 884 is divided by 107?
28
Calculate the remainder when 35808 is divided by 148.
140
What is the remainder when 4604 is divided by 210?
194
What is the remainder when 578 is divided by 10?
8
Calculate the remainder when 130738 is divided by 312.
10
What is the remainder when 52859 is divided by 8799?
65
What is the remainder when 860 is divided by 751?
109
What is the remainder when 11459 is divided by 1069?
769
What is the remainder when 205273 is divided by 105?
103
What is the remainder when 15224 is divided by 18?
14
Calculate the remainder when 7529 is divided by 1494.
59
Calculate the remainder when 113697 is divided by 689.
12
Calculate the remainder when 36068 is divided by 72.
68
What is the remainder when 11639 is divided by 11501?
138
Calculate the remainder when 135327 is divided by 45089.
60
Calculate the remainder when 355497 is divided by 1457.
1446
What is the remainder when 13245 is divided by 77?
1
What is the remainder when 4261 is divided by 3?
1
Calculate the remainder when 29634 is divided by 198.
132
Calculate the remainder when 8183 is divided by 2666.
185
What is the remainder when 7695 is divided by 3748?
199
What is the remainder when 3748 is divided by 1220?
88
Calculate the remainder when 477 is divided by 111.
33
Calculate the remainder when 1609 is divided by 1414.
195
Calculate the remainder when 5414 is divided by 671.
46
Calculate the remainder when 2868 is divided by 102.
12
Calculate the remainder when 1554 is divided by 497.
63
Calculate the remainder when 2240695 is divided by 8.
7
Calculate the remainder when 16413 is divided by 863.
16
What is the remainder when 7120 is divided by 2167?
619
Calculate the remainder when 995190 is divided by 279.
276
What is the remainder when 2275 is divided by 415?
200
Calculate the remainder when 417 is divided by 55.
32
Calculate the remainder when 5411 is divided by 24.
11
What is the remainder when 11360 is divided by 83?
72
What is the remainder when 14743 is divided by 77?
36
What is the remainder when 235760 is divided by 26195?
5
Calculate the remainder when 2565 is divided by 309.
93
What is the remainder when 13982 is divided by 51?
8
Calculate the remainder when 6807 is divided by 54.
3
What is t